{"id":13151,"date":"2025-01-20T18:13:21","date_gmt":"2025-01-20T17:13:21","guid":{"rendered":"https:\/\/www.kazuki.eu\/academy\/?page_id=13151"},"modified":"2025-07-15T21:41:59","modified_gmt":"2025-07-15T19:41:59","slug":"comment-se-deroule-une-formation-en-distanciel","status":"publish","type":"page","link":"https:\/\/www.kazuki.eu\/academy\/comment-se-deroule-une-formation-en-distanciel\/","title":{"rendered":"Comment se d\u00e9roule une formation en distanciel ?"},"content":{"rendered":"\n<div class=\"wp-block-uagb-container uagb-block-804414ff alignfull uagb-is-root-container\"><div class=\"uagb-container-inner-blocks-wrap\"><div class=\"yoast-breadcrumbs\"><span><span><a href=\"https:\/\/www.kazuki.eu\/academy\/\">Accueil<\/a><\/span> \u00bb <span class=\"breadcrumb_last\" aria-current=\"page\">Comment se d\u00e9roule une formation en distanciel ?<\/span><\/span><\/div>\n\n\n<div class=\"wp-block-uagb-advanced-heading uagb-block-5f916a0c\"><h1 class=\"uagb-heading-text\">Comment se pr\u00e9parer \u00e0 une formation en distanciel ?<\/h1><\/div>\n<\/div><\/div>\n\n\n\n<h2 class=\"wp-block-heading\"><strong>Proc\u00e9dure de Connexion \u00e0 Zoom<\/strong><\/h2>\n\n\n\n<h3 class=\"wp-block-heading\"><strong>Pr\u00e9requis:<\/strong><\/h3>\n\n\n\n<ul class=\"wp-block-list\">\n<li><strong>Informations de la formation :<\/strong> Un lien, le num\u00e9ro ID de r\u00e9union et \u00e9ventuellement un mot de passe vous seront fournis par mail quelques jours avant la formation.<\/li>\n\n\n\n<li><strong>Compte Zoom :<\/strong> Si vous n&rsquo;en avez pas, cr\u00e9ez-en un gratuitement sur <a href=\"https:\/\/zoom.us\/signup#\/signup\" target=\"_blank\" rel=\"noreferrer noopener\">https:\/\/zoom.us\/signup<\/a><\/li>\n\n\n\n<li><strong>Application Zoom :<\/strong> T\u00e9l\u00e9chargez et installez l&rsquo;application Zoom sur votre ordinateur ou appareil mobile depuis <a href=\"https:\/\/zoom.us\/download\" target=\"_blank\" rel=\"noreferrer noopener\">https:\/\/zoom.us\/download<\/a><\/li>\n<\/ul>\n\n\n\n<h3 class=\"wp-block-heading\"><strong>M\u00e9thode 1 : Se connecter \u00e0 une formation Zoom via un lien<\/strong><\/h3>\n\n\n\n<p><strong>Vous avez re\u00e7u un lien pour participer \u00e0 une formation via Zoom ?<\/strong> C&rsquo;est tr\u00e8s simple ! Voici la proc\u00e9dure \u00e9tape par \u00e9tape :<\/p>\n\n\n\n<ul class=\"wp-block-list\">\n<li><strong>Cliquez sur le lien<\/strong>\n<ul class=\"wp-block-list\">\n<li>Le lien que vous avez re\u00e7u vous m\u00e8nera directement \u00e0 la page de la formation.<\/li>\n\n\n\n<li><strong>Important :<\/strong> Assurez-vous d&rsquo;avoir une connexion internet stable avant de cliquer.<\/li>\n<\/ul>\n<\/li>\n<\/ul>\n\n\n\n<ul class=\"wp-block-list\">\n<li><strong>Autorisez l&rsquo;acc\u00e8s \u00e0 votre microphone et votre cam\u00e9ra (si n\u00e9cessaire)<\/strong>\n<ul class=\"wp-block-list\">\n<li>Zoom vous demandera g\u00e9n\u00e9ralement l&rsquo;autorisation d&rsquo;acc\u00e9der \u00e0 votre microphone et votre cam\u00e9ra.<\/li>\n\n\n\n<li><strong>Acceptez<\/strong> si vous souhaitez participer \u00e0 la r\u00e9union avec votre audio et votre vid\u00e9o.<\/li>\n<\/ul>\n<\/li>\n<\/ul>\n\n\n\n<ul class=\"wp-block-list\">\n<li><strong>Rejoindre la formation<\/strong>\n<ul class=\"wp-block-list\">\n<li>Une fois les autorisations accord\u00e9es, vous serez directement connect\u00e9 \u00e0 la formation.<\/li>\n\n\n\n<li><strong>Si vous \u00eates en retard :<\/strong> Vous pourrez peut-\u00eatre rejoindre la salle d&rsquo;attente jusqu&rsquo;\u00e0 ce que le formateur vous y admette.<\/li>\n<\/ul>\n<\/li>\n<\/ul>\n\n\n\n<h3 class=\"wp-block-heading\"><strong>M\u00e9thode 2 : Depuis l&rsquo;application Zoom<\/strong><\/h3>\n\n\n\n<ul class=\"wp-block-list\">\n<li><strong>Ouvrir l&rsquo;application:<\/strong> Lancez l&rsquo;application Zoom sur votre appareil.<\/li>\n<\/ul>\n\n\n\n<div class=\"wp-block-uagb-container uagb-block-83536454 alignfull uagb-is-root-container\"><div class=\"uagb-container-inner-blocks-wrap\">\n<div class=\"wp-block-uagb-container uagb-block-1df47026\">\n<div class=\"wp-block-uagb-image uagb-block-fdf3ed07 wp-block-uagb-image--layout-default wp-block-uagb-image--effect-static wp-block-uagb-image--align-none\"><figure class=\"wp-block-uagb-image__figure\"><img decoding=\"async\" srcset=\"https:\/\/www.kazuki.eu\/academy\/wp-content\/uploads\/sites\/3\/2024\/11\/Capture-decran-2024-11-10-122319.png ,https:\/\/www.kazuki.eu\/academy\/wp-content\/uploads\/sites\/3\/2024\/11\/Capture-decran-2024-11-10-122319.png 780w, https:\/\/www.kazuki.eu\/academy\/wp-content\/uploads\/sites\/3\/2024\/11\/Capture-decran-2024-11-10-122319.png 360w\" sizes=\"auto, (max-width: 480px) 150px\" src=\"https:\/\/www.kazuki.eu\/academy\/wp-content\/uploads\/sites\/3\/2024\/11\/Capture-decran-2024-11-10-122319.png\" alt=\"\" class=\"uag-image-13164\" width=\"480\" height=\"70\" title=\"Capture d'\u00e9cran 2024-11-10 122319\" loading=\"lazy\" role=\"img\"\/><\/figure><\/div>\n<\/div>\n\n\n\n<div class=\"wp-block-uagb-container uagb-block-8fab66ea\"><\/div>\n<\/div><\/div>\n\n\n\n<ul class=\"wp-block-list\">\n<li><strong>Rejoindre une formation :<\/strong>\n<ul class=\"wp-block-list\">\n<li><strong>Par num\u00e9ro de r\u00e9union :<\/strong>\n<ul class=\"wp-block-list\">\n<li>Cliquez sur \u00ab\u00a0Participer \u00e0 une r\u00e9union\u00a0\u00bb.<\/li>\n\n\n\n<li>Saisissez le num\u00e9ro de r\u00e9union.<\/li>\n\n\n\n<li>Si n\u00e9cessaire, entrez le mot de passe.<\/li>\n\n\n\n<li>Cliquez sur \u00ab\u00a0Rejoindre\u00a0\u00bb.<\/li>\n<\/ul>\n<\/li>\n\n\n\n<li><strong>Par lien de r\u00e9union:<\/strong>\n<ul class=\"wp-block-list\">\n<li>Cliquez sur le lien de la r\u00e9union que vous avez re\u00e7u.<\/li>\n\n\n\n<li>Suivez les instructions \u00e0 l&rsquo;\u00e9cran.<\/li>\n<\/ul>\n<\/li>\n<\/ul>\n<\/li>\n\n\n\n<li><strong>Configurer l&rsquo;audio et la vid\u00e9o:<\/strong>\n<ul class=\"wp-block-list\">\n<li>Choisissez comment vous souhaitez vous connecter \u00e0 l&rsquo;audio (ordinateur, t\u00e9l\u00e9phone, etc.).<\/li>\n\n\n\n<li>Activez ou d\u00e9sactivez votre cam\u00e9ra vid\u00e9o.<\/li>\n<\/ul>\n<\/li>\n\n\n\n<li><strong>Rejoindre la r\u00e9union:<\/strong> Cliquez sur \u00ab\u00a0Participer\u00a0\u00bb pour entrer dans la r\u00e9union.<\/li>\n<\/ul>\n\n\n\n<div class=\"wp-block-uagb-container uagb-block-7eb806fd alignfull uagb-is-root-container\"><div class=\"uagb-container-inner-blocks-wrap\">\n<div class=\"wp-block-uagb-container uagb-block-0280d0d5\">\n<div class=\"wp-block-uagb-image uagb-block-39366cdc wp-block-uagb-image--layout-default wp-block-uagb-image--effect-static wp-block-uagb-image--align-none\"><figure class=\"wp-block-uagb-image__figure\"><img decoding=\"async\" srcset=\"https:\/\/www.kazuki.eu\/academy\/wp-content\/uploads\/sites\/3\/2024\/11\/Capture-decran-2024-11-10-122427.png ,https:\/\/www.kazuki.eu\/academy\/wp-content\/uploads\/sites\/3\/2024\/11\/Capture-decran-2024-11-10-122427.png 780w, https:\/\/www.kazuki.eu\/academy\/wp-content\/uploads\/sites\/3\/2024\/11\/Capture-decran-2024-11-10-122427.png 360w\" sizes=\"auto, (max-width: 480px) 150px\" src=\"https:\/\/www.kazuki.eu\/academy\/wp-content\/uploads\/sites\/3\/2024\/11\/Capture-decran-2024-11-10-122427.png\" alt=\"\" class=\"uag-image-13165\" width=\"442\" height=\"484\" title=\"Capture d'\u00e9cran 2024-11-10 122427\" loading=\"lazy\" role=\"img\"\/><\/figure><\/div>\n<\/div>\n\n\n\n<div class=\"wp-block-uagb-container uagb-block-571752f2\"><\/div>\n<\/div><\/div>\n\n\n\n<h3 class=\"wp-block-heading\"><strong>M\u00e9thode 3 : Depuis un navigateur web<\/strong><\/h3>\n\n\n\n<ol class=\"wp-block-list\">\n<li><strong>Ouvrir le navigateur:<\/strong> Lancez votre navigateur web pr\u00e9f\u00e9r\u00e9 (Chrome, Firefox, etc.).<\/li>\n\n\n\n<li><strong>Aller sur Zoom:<\/strong> Rendez-vous sur <a href=\"https:\/\/zoom.us\/join\" target=\"_blank\" rel=\"noreferrer noopener\">https:\/\/zoom.us\/join<\/a> .<\/li>\n\n\n\n<li><strong>Saisir les informations:<\/strong>\n<ul class=\"wp-block-list\">\n<li>Entrez le num\u00e9ro ID de r\u00e9union.<\/li>\n\n\n\n<li>Si n\u00e9cessaire, entrez le mot de passe.<\/li>\n\n\n\n<li>Cliquez sur \u00ab\u00a0Participer\u00a0\u00bb.<\/li>\n<\/ul>\n<\/li>\n\n\n\n<li><strong>Suivre les instructions:<\/strong> Suivez les instructions \u00e0 l&rsquo;\u00e9cran pour configurer l&rsquo;audio et la vid\u00e9o.<\/li>\n<\/ol>\n\n\n\n<h3 class=\"wp-block-heading\"><strong>Conseils suppl\u00e9mentaires:<\/strong><\/h3>\n\n\n\n<ul class=\"wp-block-list\">\n<li><strong>Test avant la formation :<\/strong> Avant une r\u00e9union importante, testez votre connexion audio et vid\u00e9o pour vous assurer que tout fonctionne correctement.<\/li>\n\n\n\n<li><strong>Qualit\u00e9 de la connexion :<\/strong> Assurez-vous d&rsquo;avoir une connexion internet stable pour une meilleure exp\u00e9rience.<\/li>\n\n\n\n<li><strong>Param\u00e8tres audio et vid\u00e9o :<\/strong> Vous pouvez ajuster les param\u00e8tres audio et vid\u00e9o (microphone, haut-parleurs, cam\u00e9ra) avant de rejoindre la r\u00e9union.<\/li>\n\n\n\n<li><strong>Fonctionnalit\u00e9s de Zoom :<\/strong> D\u00e9couvrez les diff\u00e9rentes fonctionnalit\u00e9s de Zoom, telles que le partage d&rsquo;\u00e9cran, le chat, les sondages, etc.<\/li>\n<\/ul>\n\n\n\n<p><strong>Pour une assistance plus personnalis\u00e9e, vous pouvez consulter le centre d&rsquo;aide de Zoom:<\/strong> <a href=\"https:\/\/support.zoom.com\/hc\/fr\" target=\"_blank\" rel=\"noreferrer noopener\">https:\/\/support.zoom.us\/hc\/fr<\/a> <\/p>\n","protected":false},"excerpt":{"rendered":"<p>Comment se pr\u00e9parer \u00e0 une formation en distanciel ? Proc\u00e9dure de Connexion \u00e0 Zoom Pr\u00e9requis: M\u00e9thode 1 : Se connecter \u00e0 une formation Zoom via un lien Vous avez re\u00e7u un lien pour participer \u00e0 une formation via Zoom ? C&rsquo;est tr\u00e8s simple ! Voici la proc\u00e9dure \u00e9tape par \u00e9tape : M\u00e9thode 2 : Depuis [&hellip;]<\/p>\n","protected":false},"author":1,"featured_media":0,"parent":0,"menu_order":0,"comment_status":"closed","ping_status":"closed","template":"","format":[],"meta":{"_uag_custom_page_level_css":"","site-sidebar-layout":"default","site-content-layout":"","ast-site-content-layout":"default","site-content-style":"default","site-sidebar-style":"default","ast-global-header-display":"","ast-banner-title-visibility":"","ast-main-header-display":"","ast-hfb-above-header-display":"","ast-hfb-below-header-display":"","ast-hfb-mobile-header-display":"","site-post-title":"","ast-breadcrumbs-content":"","ast-featured-img":"","footer-sml-layout":"","ast-disable-related-posts":"","theme-transparent-header-meta":"","adv-header-id-meta":"","stick-header-meta":"","header-above-stick-meta":"","header-main-stick-meta":"","header-below-stick-meta":"","astra-migrate-meta-layouts":"default","ast-page-background-enabled":"default","ast-page-background-meta":{"desktop":{"background-color":"var(--ast-global-color-4)","background-image":"","background-repeat":"repeat","background-position":"center center","background-size":"auto","background-attachment":"scroll","background-type":"","background-media":"","overlay-type":"","overlay-color":"","overlay-opacity":"","overlay-gradient":""},"tablet":{"background-color":"","background-image":"","background-repeat":"repeat","background-position":"center center","background-size":"auto","background-attachment":"scroll","background-type":"","background-media":"","overlay-type":"","overlay-color":"","overlay-opacity":"","overlay-gradient":""},"mobile":{"background-color":"","background-image":"","background-repeat":"repeat","background-position":"center center","background-size":"auto","background-attachment":"scroll","background-type":"","background-media":"","overlay-type":"","overlay-color":"","overlay-opacity":"","overlay-gradient":""}},"ast-content-background-meta":{"desktop":{"background-color":"var(--ast-global-color-5)","background-image":"","background-repeat":"repeat","background-position":"center center","background-size":"auto","background-attachment":"scroll","background-type":"","background-media":"","overlay-type":"","overlay-color":"","overlay-opacity":"","overlay-gradient":""},"tablet":{"background-color":"var(--ast-global-color-5)","background-image":"","background-repeat":"repeat","background-position":"center center","background-size":"auto","background-attachment":"scroll","background-type":"","background-media":"","overlay-type":"","overlay-color":"","overlay-opacity":"","overlay-gradient":""},"mobile":{"background-color":"var(--ast-global-color-5)","background-image":"","background-repeat":"repeat","background-position":"center center","background-size":"auto","background-attachment":"scroll","background-type":"","background-media":"","overlay-type":"","overlay-color":"","overlay-opacity":"","overlay-gradient":""}},"footnotes":""},"formateur":[],"niveau":[],"modalite":[],"outil":[],"duree":[],"profil":[],"class_list":["post-13151","page","type-page","status-publish","hentry"],"yoast_head":"<!-- This site is optimized with the Yoast SEO plugin v26.9 - https:\/\/yoast.com\/product\/yoast-seo-wordpress\/ -->\n<title>Comment se d\u00e9roule une formation en distanciel ? - Kazuki Academy<\/title>\n<meta name=\"robots\" content=\"index, follow, max-snippet:-1, max-image-preview:large, max-video-preview:-1\" \/>\n<link rel=\"canonical\" href=\"https:\/\/www.kazuki.eu\/academy\/comment-se-deroule-une-formation-en-distanciel\/\" \/>\n<meta property=\"og:locale\" content=\"fr_FR\" \/>\n<meta property=\"og:type\" content=\"article\" \/>\n<meta property=\"og:title\" content=\"Comment se d\u00e9roule une formation en distanciel ? - Kazuki Academy\" \/>\n<meta property=\"og:description\" content=\"Comment se pr\u00e9parer \u00e0 une formation en distanciel ? Proc\u00e9dure de Connexion \u00e0 Zoom Pr\u00e9requis: M\u00e9thode 1 : Se connecter \u00e0 une formation Zoom via un lien Vous avez re\u00e7u un lien pour participer \u00e0 une formation via Zoom ? C&rsquo;est tr\u00e8s simple ! Voici la proc\u00e9dure \u00e9tape par \u00e9tape : M\u00e9thode 2 : Depuis [&hellip;]\" \/>\n<meta property=\"og:url\" content=\"https:\/\/www.kazuki.eu\/academy\/comment-se-deroule-une-formation-en-distanciel\/\" \/>\n<meta property=\"og:site_name\" content=\"Kazuki Academy\" \/>\n<meta property=\"article:modified_time\" content=\"2025-07-15T19:41:59+00:00\" \/>\n<meta property=\"og:image\" content=\"https:\/\/www.kazuki.eu\/academy\/wp-content\/uploads\/sites\/3\/2024\/11\/Capture-decran-2024-11-10-122319.png\" \/>\n<meta name=\"twitter:card\" content=\"summary_large_image\" \/>\n<meta name=\"twitter:label1\" content=\"Dur\u00e9e de lecture estim\u00e9e\" \/>\n\t<meta name=\"twitter:data1\" content=\"3 minutes\" \/>\n<script type=\"application\/ld+json\" class=\"yoast-schema-graph\">{\"@context\":\"https:\/\/schema.org\",\"@graph\":[{\"@type\":\"WebPage\",\"@id\":\"https:\/\/www.kazuki.eu\/academy\/comment-se-deroule-une-formation-en-distanciel\/\",\"url\":\"https:\/\/www.kazuki.eu\/academy\/comment-se-deroule-une-formation-en-distanciel\/\",\"name\":\"Comment se d\u00e9roule une formation en distanciel ? - Kazuki Academy\",\"isPartOf\":{\"@id\":\"https:\/\/www.kazuki.eu\/academy\/#website\"},\"primaryImageOfPage\":{\"@id\":\"https:\/\/www.kazuki.eu\/academy\/comment-se-deroule-une-formation-en-distanciel\/#primaryimage\"},\"image\":{\"@id\":\"https:\/\/www.kazuki.eu\/academy\/comment-se-deroule-une-formation-en-distanciel\/#primaryimage\"},\"thumbnailUrl\":\"https:\/\/www.kazuki.eu\/academy\/wp-content\/uploads\/sites\/3\/2024\/11\/Capture-decran-2024-11-10-122319.png\",\"datePublished\":\"2025-01-20T17:13:21+00:00\",\"dateModified\":\"2025-07-15T19:41:59+00:00\",\"breadcrumb\":{\"@id\":\"https:\/\/www.kazuki.eu\/academy\/comment-se-deroule-une-formation-en-distanciel\/#breadcrumb\"},\"inLanguage\":\"fr-FR\",\"potentialAction\":[{\"@type\":\"ReadAction\",\"target\":[\"https:\/\/www.kazuki.eu\/academy\/comment-se-deroule-une-formation-en-distanciel\/\"]}]},{\"@type\":\"ImageObject\",\"inLanguage\":\"fr-FR\",\"@id\":\"https:\/\/www.kazuki.eu\/academy\/comment-se-deroule-une-formation-en-distanciel\/#primaryimage\",\"url\":\"https:\/\/www.kazuki.eu\/academy\/wp-content\/uploads\/sites\/3\/2024\/11\/Capture-decran-2024-11-10-122319.png\",\"contentUrl\":\"https:\/\/www.kazuki.eu\/academy\/wp-content\/uploads\/sites\/3\/2024\/11\/Capture-decran-2024-11-10-122319.png\",\"width\":874,\"height\":655},{\"@type\":\"BreadcrumbList\",\"@id\":\"https:\/\/www.kazuki.eu\/academy\/comment-se-deroule-une-formation-en-distanciel\/#breadcrumb\",\"itemListElement\":[{\"@type\":\"ListItem\",\"position\":1,\"name\":\"Accueil\",\"item\":\"https:\/\/www.kazuki.eu\/academy\/\"},{\"@type\":\"ListItem\",\"position\":2,\"name\":\"Comment se d\u00e9roule une formation en distanciel ?\"}]},{\"@type\":\"WebSite\",\"@id\":\"https:\/\/www.kazuki.eu\/academy\/#website\",\"url\":\"https:\/\/www.kazuki.eu\/academy\/\",\"name\":\"Kazuki Academy\",\"description\":\"\",\"publisher\":{\"@id\":\"https:\/\/www.kazuki.eu\/academy\/#organization\"},\"potentialAction\":[{\"@type\":\"SearchAction\",\"target\":{\"@type\":\"EntryPoint\",\"urlTemplate\":\"https:\/\/www.kazuki.eu\/academy\/?s={search_term_string}\"},\"query-input\":{\"@type\":\"PropertyValueSpecification\",\"valueRequired\":true,\"valueName\":\"search_term_string\"}}],\"inLanguage\":\"fr-FR\"},{\"@type\":\"Organization\",\"@id\":\"https:\/\/www.kazuki.eu\/academy\/#organization\",\"name\":\"Kazuki Academy\",\"url\":\"https:\/\/www.kazuki.eu\/academy\/\",\"logo\":{\"@type\":\"ImageObject\",\"inLanguage\":\"fr-FR\",\"@id\":\"https:\/\/www.kazuki.eu\/academy\/#\/schema\/logo\/image\/\",\"url\":\"https:\/\/www.kazuki.eu\/academy\/wp-content\/uploads\/sites\/3\/2023\/12\/cropped-kazuki-logo.png\",\"contentUrl\":\"https:\/\/www.kazuki.eu\/academy\/wp-content\/uploads\/sites\/3\/2023\/12\/cropped-kazuki-logo.png\",\"width\":244,\"height\":112,\"caption\":\"Kazuki Academy\"},\"image\":{\"@id\":\"https:\/\/www.kazuki.eu\/academy\/#\/schema\/logo\/image\/\"}}]}<\/script>\n<!-- \/ Yoast SEO plugin. -->","yoast_head_json":{"title":"Comment se d\u00e9roule une formation en distanciel ? - Kazuki Academy","robots":{"index":"index","follow":"follow","max-snippet":"max-snippet:-1","max-image-preview":"max-image-preview:large","max-video-preview":"max-video-preview:-1"},"canonical":"https:\/\/www.kazuki.eu\/academy\/comment-se-deroule-une-formation-en-distanciel\/","og_locale":"fr_FR","og_type":"article","og_title":"Comment se d\u00e9roule une formation en distanciel ? - Kazuki Academy","og_description":"Comment se pr\u00e9parer \u00e0 une formation en distanciel ? Proc\u00e9dure de Connexion \u00e0 Zoom Pr\u00e9requis: M\u00e9thode 1 : Se connecter \u00e0 une formation Zoom via un lien Vous avez re\u00e7u un lien pour participer \u00e0 une formation via Zoom ? C&rsquo;est tr\u00e8s simple ! Voici la proc\u00e9dure \u00e9tape par \u00e9tape : M\u00e9thode 2 : Depuis [&hellip;]","og_url":"https:\/\/www.kazuki.eu\/academy\/comment-se-deroule-une-formation-en-distanciel\/","og_site_name":"Kazuki Academy","article_modified_time":"2025-07-15T19:41:59+00:00","og_image":[{"url":"https:\/\/www.kazuki.eu\/academy\/wp-content\/uploads\/sites\/3\/2024\/11\/Capture-decran-2024-11-10-122319.png","type":"","width":"","height":""}],"twitter_card":"summary_large_image","twitter_misc":{"Dur\u00e9e de lecture estim\u00e9e":"3 minutes"},"schema":{"@context":"https:\/\/schema.org","@graph":[{"@type":"WebPage","@id":"https:\/\/www.kazuki.eu\/academy\/comment-se-deroule-une-formation-en-distanciel\/","url":"https:\/\/www.kazuki.eu\/academy\/comment-se-deroule-une-formation-en-distanciel\/","name":"Comment se d\u00e9roule une formation en distanciel ? - Kazuki Academy","isPartOf":{"@id":"https:\/\/www.kazuki.eu\/academy\/#website"},"primaryImageOfPage":{"@id":"https:\/\/www.kazuki.eu\/academy\/comment-se-deroule-une-formation-en-distanciel\/#primaryimage"},"image":{"@id":"https:\/\/www.kazuki.eu\/academy\/comment-se-deroule-une-formation-en-distanciel\/#primaryimage"},"thumbnailUrl":"https:\/\/www.kazuki.eu\/academy\/wp-content\/uploads\/sites\/3\/2024\/11\/Capture-decran-2024-11-10-122319.png","datePublished":"2025-01-20T17:13:21+00:00","dateModified":"2025-07-15T19:41:59+00:00","breadcrumb":{"@id":"https:\/\/www.kazuki.eu\/academy\/comment-se-deroule-une-formation-en-distanciel\/#breadcrumb"},"inLanguage":"fr-FR","potentialAction":[{"@type":"ReadAction","target":["https:\/\/www.kazuki.eu\/academy\/comment-se-deroule-une-formation-en-distanciel\/"]}]},{"@type":"ImageObject","inLanguage":"fr-FR","@id":"https:\/\/www.kazuki.eu\/academy\/comment-se-deroule-une-formation-en-distanciel\/#primaryimage","url":"https:\/\/www.kazuki.eu\/academy\/wp-content\/uploads\/sites\/3\/2024\/11\/Capture-decran-2024-11-10-122319.png","contentUrl":"https:\/\/www.kazuki.eu\/academy\/wp-content\/uploads\/sites\/3\/2024\/11\/Capture-decran-2024-11-10-122319.png","width":874,"height":655},{"@type":"BreadcrumbList","@id":"https:\/\/www.kazuki.eu\/academy\/comment-se-deroule-une-formation-en-distanciel\/#breadcrumb","itemListElement":[{"@type":"ListItem","position":1,"name":"Accueil","item":"https:\/\/www.kazuki.eu\/academy\/"},{"@type":"ListItem","position":2,"name":"Comment se d\u00e9roule une formation en distanciel ?"}]},{"@type":"WebSite","@id":"https:\/\/www.kazuki.eu\/academy\/#website","url":"https:\/\/www.kazuki.eu\/academy\/","name":"Kazuki Academy","description":"","publisher":{"@id":"https:\/\/www.kazuki.eu\/academy\/#organization"},"potentialAction":[{"@type":"SearchAction","target":{"@type":"EntryPoint","urlTemplate":"https:\/\/www.kazuki.eu\/academy\/?s={search_term_string}"},"query-input":{"@type":"PropertyValueSpecification","valueRequired":true,"valueName":"search_term_string"}}],"inLanguage":"fr-FR"},{"@type":"Organization","@id":"https:\/\/www.kazuki.eu\/academy\/#organization","name":"Kazuki Academy","url":"https:\/\/www.kazuki.eu\/academy\/","logo":{"@type":"ImageObject","inLanguage":"fr-FR","@id":"https:\/\/www.kazuki.eu\/academy\/#\/schema\/logo\/image\/","url":"https:\/\/www.kazuki.eu\/academy\/wp-content\/uploads\/sites\/3\/2023\/12\/cropped-kazuki-logo.png","contentUrl":"https:\/\/www.kazuki.eu\/academy\/wp-content\/uploads\/sites\/3\/2023\/12\/cropped-kazuki-logo.png","width":244,"height":112,"caption":"Kazuki Academy"},"image":{"@id":"https:\/\/www.kazuki.eu\/academy\/#\/schema\/logo\/image\/"}}]}},"acf":[],"uagb_featured_image_src":{"full":false,"thumbnail":false,"medium":false,"medium_large":false,"large":false,"1536x1536":false,"2048x2048":false},"uagb_author_info":{"display_name":"Val\u00e9rie Delmulle","author_link":"https:\/\/www.kazuki.eu\/academy\/author\/admin-kazuki2018\/"},"uagb_comment_info":0,"uagb_excerpt":"Comment se pr\u00e9parer \u00e0 une formation en distanciel ? Proc\u00e9dure de Connexion \u00e0 Zoom Pr\u00e9requis: M\u00e9thode 1 : Se connecter \u00e0 une formation Zoom via un lien Vous avez re\u00e7u un lien pour participer \u00e0 une formation via Zoom ? C&rsquo;est tr\u00e8s simple ! Voici la proc\u00e9dure \u00e9tape par \u00e9tape : M\u00e9thode 2 : Depuis\u2026","_links":{"self":[{"href":"https:\/\/www.kazuki.eu\/academy\/wp-json\/wp\/v2\/pages\/13151","targetHints":{"allow":["GET"]}}],"collection":[{"href":"https:\/\/www.kazuki.eu\/academy\/wp-json\/wp\/v2\/pages"}],"about":[{"href":"https:\/\/www.kazuki.eu\/academy\/wp-json\/wp\/v2\/types\/page"}],"author":[{"embeddable":true,"href":"https:\/\/www.kazuki.eu\/academy\/wp-json\/wp\/v2\/users\/1"}],"replies":[{"embeddable":true,"href":"https:\/\/www.kazuki.eu\/academy\/wp-json\/wp\/v2\/comments?post=13151"}],"version-history":[{"count":25,"href":"https:\/\/www.kazuki.eu\/academy\/wp-json\/wp\/v2\/pages\/13151\/revisions"}],"predecessor-version":[{"id":13366,"href":"https:\/\/www.kazuki.eu\/academy\/wp-json\/wp\/v2\/pages\/13151\/revisions\/13366"}],"wp:attachment":[{"href":"https:\/\/www.kazuki.eu\/academy\/wp-json\/wp\/v2\/media?parent=13151"}],"wp:term":[{"taxonomy":"formateur","embeddable":true,"href":"https:\/\/www.kazuki.eu\/academy\/wp-json\/wp\/v2\/formateur?post=13151"},{"taxonomy":"niveau","embeddable":true,"href":"https:\/\/www.kazuki.eu\/academy\/wp-json\/wp\/v2\/niveau?post=13151"},{"taxonomy":"modalite","embeddable":true,"href":"https:\/\/www.kazuki.eu\/academy\/wp-json\/wp\/v2\/modalite?post=13151"},{"taxonomy":"outil","embeddable":true,"href":"https:\/\/www.kazuki.eu\/academy\/wp-json\/wp\/v2\/outil?post=13151"},{"taxonomy":"duree","embeddable":true,"href":"https:\/\/www.kazuki.eu\/academy\/wp-json\/wp\/v2\/duree?post=13151"},{"taxonomy":"format","embeddable":true,"href":"https:\/\/www.kazuki.eu\/academy\/wp-json\/wp\/v2\/format?post=13151"},{"taxonomy":"profil","embeddable":true,"href":"https:\/\/www.kazuki.eu\/academy\/wp-json\/wp\/v2\/profil?post=13151"}],"curies":[{"name":"wp","href":"https:\/\/api.w.org\/{rel}","templated":true}]}}